{"id":541,"date":"2023-06-18T22:26:08","date_gmt":"2023-06-18T20:26:08","guid":{"rendered":"https:\/\/cgtairbus.fr\/about\/"},"modified":"2025-10-09T11:02:44","modified_gmt":"2025-10-09T09:02:44","slug":"equipe","status":"publish","type":"page","link":"https:\/\/cgtairbus.fr\/?page_id=541","title":{"rendered":"L&rsquo;\u00e9quipe"},"content":{"rendered":"\t\t<div data-elementor-type=\"wp-post\" data-elementor-id=\"541\" class=\"elementor elementor-541\">\n\t\t\t\t\t\t<section class=\"elementor-section elementor-top-section elementor-element elementor-element-d7d8b56 elementor-section-boxed elementor-section-height-default elementor-section-height-default\" data-id=\"d7d8b56\" data-element_type=\"section\" data-e-type=\"section\" data-settings=\"{&quot;background_background&quot;:&quot;classic&quot;}\">\n\t\t\t\t\t\t\t<div class=\"elementor-background-overlay\"><\/div>\n\t\t\t\t\t\t\t<div class=\"elementor-container elementor-column-gap-default\">\n\t\t\t\t\t<div class=\"elementor-column elementor-col-100 elementor-top-column elementor-element elementor-element-fd69444 elementor-invisible\" data-id=\"fd69444\" data-element_type=\"column\" data-e-type=\"column\" data-settings=\"{&quot;animation&quot;:&quot;bounceInDown&quot;}\">\n\t\t\t<div class=\"elementor-widget-wrap elementor-element-populated\">\n\t\t\t\t\t\t<div class=\"elementor-element elementor-element-abcc2f2 elementor-widget elementor-widget-heading\" data-id=\"abcc2f2\" data-element_type=\"widget\" data-e-type=\"widget\" data-widget_type=\"heading.default\">\n\t\t\t\t<div class=\"elementor-widget-container\">\n\t\t\t\t\t<h1 class=\"elementor-heading-title elementor-size-default\">L'\u00c9QUIPE CGT<\/h1>\t\t\t\t<\/div>\n\t\t\t\t<\/div>\n\t\t\t\t\t<\/div>\n\t\t<\/div>\n\t\t\t\t\t<\/div>\n\t\t<\/section>\n\t\t<div class=\"elementor-element elementor-element-7d1e888 e-grid e-con-boxed elementor-invisible e-con e-parent\" data-id=\"7d1e888\" data-element_type=\"container\" data-e-type=\"container\" data-settings=\"{&quot;animation&quot;:&quot;rollIn&quot;}\">\n\t\t\t\t\t<div class=\"e-con-inner\">\n\t\t\t\t<div class=\"elementor-element elementor-element-6b946ca elementor-position-top elementor-widget elementor-widget-image-box\" data-id=\"6b946ca\" data-element_type=\"widget\" data-e-type=\"widget\" data-widget_type=\"image-box.default\">\n\t\t\t\t<div class=\"elementor-widget-container\">\n\t\t\t\t\t<div class=\"elementor-image-box-wrapper\"><figure class=\"elementor-image-box-img\"><img fetchpriority=\"high\" decoding=\"async\" width=\"482\" height=\"641\" src=\"https:\/\/cgtairbus.fr\/wp-content\/uploads\/2023\/12\/Patrick-Peretti.jpg\" class=\"attachment-full size-full wp-image-1452\" alt=\"Photo de Patrick Peretti Secr\u00e9taire g\u00e9n\u00e9ral CGT\" srcset=\"https:\/\/cgtairbus.fr\/wp-content\/uploads\/2023\/12\/Patrick-Peretti.jpg 482w, https:\/\/cgtairbus.fr\/wp-content\/uploads\/2023\/12\/Patrick-Peretti-226x300.jpg 226w\" sizes=\"(max-width: 482px) 100vw, 482px\" \/><\/figure><div class=\"elementor-image-box-content\"><h3 class=\"elementor-image-box-title\">Patrick Peretti<\/h3><p class=\"elementor-image-box-description\">Secr\u00e9taire G\u00e9n\u00e9ral\n<br>Tel : 04 42 85 75 99<\/p><\/div><\/div>\t\t\t\t<\/div>\n\t\t\t\t<\/div>\n\t\t\t\t<div class=\"elementor-element elementor-element-3825898 elementor-position-top elementor-widget elementor-widget-image-box\" data-id=\"3825898\" data-element_type=\"widget\" data-e-type=\"widget\" data-widget_type=\"image-box.default\">\n\t\t\t\t<div class=\"elementor-widget-container\">\n\t\t\t\t\t<div class=\"elementor-image-box-wrapper\"><figure class=\"elementor-image-box-img\"><img decoding=\"async\" width=\"482\" height=\"641\" src=\"https:\/\/cgtairbus.fr\/wp-content\/uploads\/2023\/12\/Francois-Roche.jpg\" class=\"attachment-full size-full wp-image-1448\" alt=\"Photo de Fran\u00e7ois Roche Titulaire CSE CGT Airbus Marignane\" srcset=\"https:\/\/cgtairbus.fr\/wp-content\/uploads\/2023\/12\/Francois-Roche.jpg 482w, https:\/\/cgtairbus.fr\/wp-content\/uploads\/2023\/12\/Francois-Roche-226x300.jpg 226w\" sizes=\"(max-width: 482px) 100vw, 482px\" \/><\/figure><div class=\"elementor-image-box-content\"><h3 class=\"elementor-image-box-title\">Fran\u00e7ois Roche<\/h3><p class=\"elementor-image-box-description\">\u00c9lu CSE-CSSCT \/ M\u00e9canique\n<br>Tel : 06 83 93 38 21<\/p><\/div><\/div>\t\t\t\t<\/div>\n\t\t\t\t<\/div>\n\t\t\t\t<div class=\"elementor-element elementor-element-b375764 elementor-position-top elementor-widget elementor-widget-image-box\" data-id=\"b375764\" data-element_type=\"widget\" data-e-type=\"widget\" data-widget_type=\"image-box.default\">\n\t\t\t\t<div class=\"elementor-widget-container\">\n\t\t\t\t\t<div class=\"elementor-image-box-wrapper\"><figure class=\"elementor-image-box-img\"><img decoding=\"async\" width=\"482\" height=\"641\" src=\"https:\/\/cgtairbus.fr\/wp-content\/uploads\/2023\/12\/Remy-Bazzali.jpg\" class=\"attachment-full size-full wp-image-1453\" alt=\"Photo de R\u00e9my Bazzali Suppl\u00e9ant CSE CGT Airbus Marignane\" srcset=\"https:\/\/cgtairbus.fr\/wp-content\/uploads\/2023\/12\/Remy-Bazzali.jpg 482w, https:\/\/cgtairbus.fr\/wp-content\/uploads\/2023\/12\/Remy-Bazzali-226x300.jpg 226w\" sizes=\"(max-width: 482px) 100vw, 482px\" \/><\/figure><div class=\"elementor-image-box-content\"><h3 class=\"elementor-image-box-title\">R\u00e9my Bazzali<\/h3><p class=\"elementor-image-box-description\">\u00c9lu CSE, Conseiller du salari\u00e9 \/ NH90\n<br>Tel : 07 86 99 53 24<\/p><\/div><\/div>\t\t\t\t<\/div>\n\t\t\t\t<\/div>\n\t\t\t\t<div class=\"elementor-element elementor-element-316f3dc elementor-position-top elementor-widget elementor-widget-image-box\" data-id=\"316f3dc\" data-element_type=\"widget\" data-e-type=\"widget\" data-widget_type=\"image-box.default\">\n\t\t\t\t<div class=\"elementor-widget-container\">\n\t\t\t\t\t<div class=\"elementor-image-box-wrapper\"><figure class=\"elementor-image-box-img\"><img loading=\"lazy\" decoding=\"async\" width=\"482\" height=\"641\" src=\"https:\/\/cgtairbus.fr\/wp-content\/uploads\/2023\/12\/Sebastien-Baldacchino.jpg\" class=\"attachment-full size-full wp-image-1454\" alt=\"Photo de S\u00e9bastien Baldacchino Titulaire CSE CGT Airbus Marignane\" srcset=\"https:\/\/cgtairbus.fr\/wp-content\/uploads\/2023\/12\/Sebastien-Baldacchino.jpg 482w, https:\/\/cgtairbus.fr\/wp-content\/uploads\/2023\/12\/Sebastien-Baldacchino-226x300.jpg 226w\" sizes=\"(max-width: 482px) 100vw, 482px\" \/><\/figure><div class=\"elementor-image-box-content\"><h3 class=\"elementor-image-box-title\">S\u00e9bastien Baldacchino<\/h3><p class=\"elementor-image-box-description\">\u00c9lu CSE \/ NH 90<\/p><\/div><\/div>\t\t\t\t<\/div>\n\t\t\t\t<\/div>\n\t\t\t\t<div class=\"elementor-element elementor-element-ee0513f elementor-position-top elementor-widget elementor-widget-image-box\" data-id=\"ee0513f\" data-element_type=\"widget\" data-e-type=\"widget\" data-widget_type=\"image-box.default\">\n\t\t\t\t<div class=\"elementor-widget-container\">\n\t\t\t\t\t<div class=\"elementor-image-box-wrapper\"><figure class=\"elementor-image-box-img\"><img loading=\"lazy\" decoding=\"async\" width=\"482\" height=\"641\" src=\"https:\/\/cgtairbus.fr\/wp-content\/uploads\/2023\/12\/Cyril-Metral.jpg\" class=\"attachment-full size-full wp-image-1446\" alt=\"Photo de Cyril Metral CGT Airbus Marignane\" srcset=\"https:\/\/cgtairbus.fr\/wp-content\/uploads\/2023\/12\/Cyril-Metral.jpg 482w, https:\/\/cgtairbus.fr\/wp-content\/uploads\/2023\/12\/Cyril-Metral-226x300.jpg 226w\" sizes=\"(max-width: 482px) 100vw, 482px\" \/><\/figure><div class=\"elementor-image-box-content\"><h3 class=\"elementor-image-box-title\">Cyril Metral<\/h3><p class=\"elementor-image-box-description\">D\u00e9l\u00e9gu\u00e9 MRO\n<br>Tel : 06 23 00 81 73<\/p><\/div><\/div>\t\t\t\t<\/div>\n\t\t\t\t<\/div>\n\t\t\t\t<div class=\"elementor-element elementor-element-921a053 elementor-position-top elementor-widget elementor-widget-image-box\" data-id=\"921a053\" data-element_type=\"widget\" data-e-type=\"widget\" data-widget_type=\"image-box.default\">\n\t\t\t\t<div class=\"elementor-widget-container\">\n\t\t\t\t\t<div class=\"elementor-image-box-wrapper\"><figure class=\"elementor-image-box-img\"><img loading=\"lazy\" decoding=\"async\" width=\"482\" height=\"641\" src=\"https:\/\/cgtairbus.fr\/wp-content\/uploads\/2023\/12\/Antonin-Toltokian.jpg\" class=\"attachment-full size-full wp-image-1444\" alt=\"Photo de Antonin Toltokian CGT Airbus Marignane\" srcset=\"https:\/\/cgtairbus.fr\/wp-content\/uploads\/2023\/12\/Antonin-Toltokian.jpg 482w, https:\/\/cgtairbus.fr\/wp-content\/uploads\/2023\/12\/Antonin-Toltokian-226x300.jpg 226w\" sizes=\"(max-width: 482px) 100vw, 482px\" \/><\/figure><div class=\"elementor-image-box-content\"><h3 class=\"elementor-image-box-title\">Antonin Toltokian<\/h3><p class=\"elementor-image-box-description\">Bureaux<\/p><\/div><\/div>\t\t\t\t<\/div>\n\t\t\t\t<\/div>\n\t\t\t\t<div class=\"elementor-element elementor-element-507ae87 elementor-position-top elementor-widget elementor-widget-image-box\" data-id=\"507ae87\" data-element_type=\"widget\" data-e-type=\"widget\" data-widget_type=\"image-box.default\">\n\t\t\t\t<div class=\"elementor-widget-container\">\n\t\t\t\t\t<div class=\"elementor-image-box-wrapper\"><figure class=\"elementor-image-box-img\"><img loading=\"lazy\" decoding=\"async\" width=\"482\" height=\"641\" src=\"https:\/\/cgtairbus.fr\/wp-content\/uploads\/2023\/12\/Christophe-Clavero.jpg\" class=\"attachment-full size-full wp-image-1445\" alt=\"Photo de Christophe Clavero CGT Airbus Marignane\" srcset=\"https:\/\/cgtairbus.fr\/wp-content\/uploads\/2023\/12\/Christophe-Clavero.jpg 482w, https:\/\/cgtairbus.fr\/wp-content\/uploads\/2023\/12\/Christophe-Clavero-226x300.jpg 226w\" sizes=\"(max-width: 482px) 100vw, 482px\" \/><\/figure><div class=\"elementor-image-box-content\"><h3 class=\"elementor-image-box-title\">Christophe Clavero<\/h3><p class=\"elementor-image-box-description\">Chaines L\u00e9gers<\/p><\/div><\/div>\t\t\t\t<\/div>\n\t\t\t\t<\/div>\n\t\t\t\t<div class=\"elementor-element elementor-element-2606274 elementor-position-top elementor-widget elementor-widget-image-box\" data-id=\"2606274\" data-element_type=\"widget\" data-e-type=\"widget\" data-widget_type=\"image-box.default\">\n\t\t\t\t<div class=\"elementor-widget-container\">\n\t\t\t\t\t<div class=\"elementor-image-box-wrapper\"><figure class=\"elementor-image-box-img\"><img loading=\"lazy\" decoding=\"async\" width=\"482\" height=\"641\" src=\"https:\/\/cgtairbus.fr\/wp-content\/uploads\/2023\/12\/Jean-Baptiste-Peretti.jpg\" class=\"attachment-full size-full wp-image-1449\" alt=\"Photo de Jean-Baptiste Peretti suppl\u00e9ant CSE CGT Airbus Marignane\" srcset=\"https:\/\/cgtairbus.fr\/wp-content\/uploads\/2023\/12\/Jean-Baptiste-Peretti.jpg 482w, https:\/\/cgtairbus.fr\/wp-content\/uploads\/2023\/12\/Jean-Baptiste-Peretti-226x300.jpg 226w\" sizes=\"(max-width: 482px) 100vw, 482px\" \/><\/figure><div class=\"elementor-image-box-content\"><h3 class=\"elementor-image-box-title\">Jean-Baptiste Peretti<\/h3><p class=\"elementor-image-box-description\">\u00c9lu CSE \/ Super Puma<\/p><\/div><\/div>\t\t\t\t<\/div>\n\t\t\t\t<\/div>\n\t\t\t\t<div class=\"elementor-element elementor-element-da3b9a7 elementor-position-top elementor-widget elementor-widget-image-box\" data-id=\"da3b9a7\" data-element_type=\"widget\" data-e-type=\"widget\" data-widget_type=\"image-box.default\">\n\t\t\t\t<div class=\"elementor-widget-container\">\n\t\t\t\t\t<div class=\"elementor-image-box-wrapper\"><figure class=\"elementor-image-box-img\"><img loading=\"lazy\" decoding=\"async\" width=\"482\" height=\"641\" src=\"https:\/\/cgtairbus.fr\/wp-content\/uploads\/2023\/12\/Thierry-Isse.jpg\" class=\"attachment-full size-full wp-image-1457\" alt=\"\" srcset=\"https:\/\/cgtairbus.fr\/wp-content\/uploads\/2023\/12\/Thierry-Isse.jpg 482w, https:\/\/cgtairbus.fr\/wp-content\/uploads\/2023\/12\/Thierry-Isse-226x300.jpg 226w\" sizes=\"(max-width: 482px) 100vw, 482px\" \/><\/figure><div class=\"elementor-image-box-content\"><h3 class=\"elementor-image-box-title\">Thierry Isse<\/h3><p class=\"elementor-image-box-description\">Bureaux<br><\/p><\/div><\/div>\t\t\t\t<\/div>\n\t\t\t\t<\/div>\n\t\t\t\t<div class=\"elementor-element elementor-element-6f5679b elementor-position-top elementor-widget elementor-widget-image-box\" data-id=\"6f5679b\" data-element_type=\"widget\" data-e-type=\"widget\" data-widget_type=\"image-box.default\">\n\t\t\t\t<div class=\"elementor-widget-container\">\n\t\t\t\t\t<div class=\"elementor-image-box-wrapper\"><figure class=\"elementor-image-box-img\"><img loading=\"lazy\" decoding=\"async\" width=\"482\" height=\"641\" src=\"https:\/\/cgtairbus.fr\/wp-content\/uploads\/2023\/12\/Sylvain-Lacaille.jpg\" class=\"attachment-full size-full wp-image-1455\" alt=\"\" srcset=\"https:\/\/cgtairbus.fr\/wp-content\/uploads\/2023\/12\/Sylvain-Lacaille.jpg 482w, https:\/\/cgtairbus.fr\/wp-content\/uploads\/2023\/12\/Sylvain-Lacaille-226x300.jpg 226w\" sizes=\"(max-width: 482px) 100vw, 482px\" \/><\/figure><div class=\"elementor-image-box-content\"><h3 class=\"elementor-image-box-title\">Sylvain Lacaille<\/h3><p class=\"elementor-image-box-description\">H160\/H175\n<br><\/p><\/div><\/div>\t\t\t\t<\/div>\n\t\t\t\t<\/div>\n\t\t\t\t<div class=\"elementor-element elementor-element-0478007 elementor-position-top elementor-widget elementor-widget-image-box\" data-id=\"0478007\" data-element_type=\"widget\" data-e-type=\"widget\" data-widget_type=\"image-box.default\">\n\t\t\t\t<div class=\"elementor-widget-container\">\n\t\t\t\t\t<div class=\"elementor-image-box-wrapper\"><figure class=\"elementor-image-box-img\"><img loading=\"lazy\" decoding=\"async\" width=\"482\" height=\"641\" src=\"https:\/\/cgtairbus.fr\/wp-content\/uploads\/2023\/12\/David-Chagnes.jpg\" class=\"attachment-full size-full wp-image-1447\" alt=\"\" srcset=\"https:\/\/cgtairbus.fr\/wp-content\/uploads\/2023\/12\/David-Chagnes.jpg 482w, https:\/\/cgtairbus.fr\/wp-content\/uploads\/2023\/12\/David-Chagnes-226x300.jpg 226w\" sizes=\"(max-width: 482px) 100vw, 482px\" \/><\/figure><div class=\"elementor-image-box-content\"><h3 class=\"elementor-image-box-title\">David Chagne<\/h3><p class=\"elementor-image-box-description\">M\u00e9canique\n<br><\/p><\/div><\/div>\t\t\t\t<\/div>\n\t\t\t\t<\/div>\n\t\t\t\t\t<\/div>\n\t\t\t\t<\/div>\n\t\t\t\t<\/div>\n\t\t","protected":false},"excerpt":{"rendered":"<p>L&rsquo;\u00c9QUIPE CGT Patrick Peretti Secr\u00e9taire G\u00e9n\u00e9ral Tel : 04 42 85 75 99 Fran\u00e7ois Roche \u00c9lu CSE-CSSCT \/ M\u00e9canique Tel : 06 83 93 38 21 R\u00e9my Bazzali \u00c9lu CSE, Conseiller du salari\u00e9 \/ NH90 Tel : 07 86 99 53 24 S\u00e9bastien Baldacchino \u00c9lu CSE \/ NH 90 Cyril Metral D\u00e9l\u00e9gu\u00e9 MRO Tel : [&hellip;]<\/p>\n","protected":false},"author":1,"featured_media":0,"parent":0,"menu_order":0,"comment_status":"closed","ping_status":"closed","template":"","meta":{"site-sidebar-layout":"no-sidebar","site-content-layout":"page-builder","ast-site-content-layout":"default","site-content-style":"default","site-sidebar-style":"default","ast-global-header-display":"","ast-banner-title-visibility":"","ast-main-header-display":"","ast-hfb-above-header-display":"","ast-hfb-below-header-display":"","ast-hfb-mobile-header-display":"","site-post-title":"disabled","ast-breadcrumbs-content":"","ast-featured-img":"disabled","footer-sml-layout":"","theme-transparent-header-meta":"enabled","adv-header-id-meta":"","stick-header-meta":"","header-above-stick-meta":"","header-main-stick-meta":"","header-below-stick-meta":"","astra-migrate-meta-layouts":"default","ast-page-background-enabled":"default","ast-page-background-meta":{"desktop":{"background-color":"","background-image":"","background-repeat":"repeat","background-position":"center center","background-size":"auto","background-attachment":"scroll","background-type":"","background-media":"","overlay-type":"","overlay-color":"","overlay-opacity":"","overlay-gradient":""},"tablet":{"background-color":"","background-image":"","background-repeat":"repeat","background-position":"center center","background-size":"auto","background-attachment":"scroll","background-type":"","background-media":"","overlay-type":"","overlay-color":"","overlay-opacity":"","overlay-gradient":""},"mobile":{"background-color":"","background-image":"","background-repeat":"repeat","background-position":"center center","background-size":"auto","background-attachment":"scroll","background-type":"","background-media":"","overlay-type":"","overlay-color":"","overlay-opacity":"","overlay-gradient":""}},"ast-content-background-meta":{"desktop":{"background-color":"var(--ast-global-color-5)","background-image":"","background-repeat":"repeat","background-position":"center center","background-size":"auto","background-attachment":"scroll","background-type":"","background-media":"","overlay-type":"","overlay-color":"","overlay-opacity":"","overlay-gradient":""},"tablet":{"background-color":"var(--ast-global-color-5)","background-image":"","background-repeat":"repeat","background-position":"center center","background-size":"auto","background-attachment":"scroll","background-type":"","background-media":"","overlay-type":"","overlay-color":"","overlay-opacity":"","overlay-gradient":""},"mobile":{"background-color":"var(--ast-global-color-5)","background-image":"","background-repeat":"repeat","background-position":"center center","background-size":"auto","background-attachment":"scroll","background-type":"","background-media":"","overlay-type":"","overlay-color":"","overlay-opacity":"","overlay-gradient":""}},"footnotes":""},"class_list":["post-541","page","type-page","status-publish","hentry"],"yoast_head":"<!-- This site is optimized with the Yoast SEO plugin v26.2 - https:\/\/yoast.com\/wordpress\/plugins\/seo\/ -->\n<title>L&#039;\u00e9quipe - CGT Airbus Helicopters Marignane<\/title>\n<meta name=\"robots\" content=\"index, follow, max-snippet:-1, max-image-preview:large, max-video-preview:-1\" \/>\n<link rel=\"canonical\" href=\"https:\/\/cgtairbus.fr\/?page_id=541\" \/>\n<meta property=\"og:locale\" content=\"fr_FR\" \/>\n<meta property=\"og:type\" content=\"article\" \/>\n<meta property=\"og:title\" content=\"L&#039;\u00e9quipe - CGT Airbus Helicopters Marignane\" \/>\n<meta property=\"og:description\" content=\"L&rsquo;\u00c9QUIPE CGT Patrick Peretti Secr\u00e9taire G\u00e9n\u00e9ral Tel : 04 42 85 75 99 Fran\u00e7ois Roche \u00c9lu CSE-CSSCT \/ M\u00e9canique Tel : 06 83 93 38 21 R\u00e9my Bazzali \u00c9lu CSE, Conseiller du salari\u00e9 \/ NH90 Tel : 07 86 99 53 24 S\u00e9bastien Baldacchino \u00c9lu CSE \/ NH 90 Cyril Metral D\u00e9l\u00e9gu\u00e9 MRO Tel : [&hellip;]\" \/>\n<meta property=\"og:url\" content=\"https:\/\/cgtairbus.fr\/?page_id=541\" \/>\n<meta property=\"og:site_name\" content=\"CGT Airbus Helicopters Marignane\" \/>\n<meta property=\"article:modified_time\" content=\"2025-10-09T09:02:44+00:00\" \/>\n<meta property=\"og:image\" content=\"https:\/\/cgtairbus.fr\/wp-content\/uploads\/2023\/12\/Patrick-Peretti.jpg\" \/>\n<meta name=\"twitter:card\" content=\"summary_large_image\" \/>\n<meta name=\"twitter:label1\" content=\"Dur\u00e9e de lecture estim\u00e9e\" \/>\n\t<meta name=\"twitter:data1\" content=\"1 minute\" \/>\n<script type=\"application\/ld+json\" class=\"yoast-schema-graph\">{\"@context\":\"https:\/\/schema.org\",\"@graph\":[{\"@type\":\"WebPage\",\"@id\":\"https:\/\/cgtairbus.fr\/?page_id=541\",\"url\":\"https:\/\/cgtairbus.fr\/?page_id=541\",\"name\":\"L'\u00e9quipe - CGT Airbus Helicopters Marignane\",\"isPartOf\":{\"@id\":\"https:\/\/cgtairbus.fr\/#website\"},\"primaryImageOfPage\":{\"@id\":\"https:\/\/cgtairbus.fr\/?page_id=541#primaryimage\"},\"image\":{\"@id\":\"https:\/\/cgtairbus.fr\/?page_id=541#primaryimage\"},\"thumbnailUrl\":\"https:\/\/cgtairbus.fr\/wp-content\/uploads\/2023\/12\/Patrick-Peretti.jpg\",\"datePublished\":\"2023-06-18T20:26:08+00:00\",\"dateModified\":\"2025-10-09T09:02:44+00:00\",\"breadcrumb\":{\"@id\":\"https:\/\/cgtairbus.fr\/?page_id=541#breadcrumb\"},\"inLanguage\":\"fr-FR\",\"potentialAction\":[{\"@type\":\"ReadAction\",\"target\":[\"https:\/\/cgtairbus.fr\/?page_id=541\"]}]},{\"@type\":\"ImageObject\",\"inLanguage\":\"fr-FR\",\"@id\":\"https:\/\/cgtairbus.fr\/?page_id=541#primaryimage\",\"url\":\"https:\/\/cgtairbus.fr\/wp-content\/uploads\/2023\/12\/Patrick-Peretti.jpg\",\"contentUrl\":\"https:\/\/cgtairbus.fr\/wp-content\/uploads\/2023\/12\/Patrick-Peretti.jpg\",\"width\":482,\"height\":641,\"caption\":\"Patrick Peretti SG CGT Airbus Marignane\"},{\"@type\":\"BreadcrumbList\",\"@id\":\"https:\/\/cgtairbus.fr\/?page_id=541#breadcrumb\",\"itemListElement\":[{\"@type\":\"ListItem\",\"position\":1,\"name\":\"Accueil\",\"item\":\"https:\/\/cgtairbus.fr\/\"},{\"@type\":\"ListItem\",\"position\":2,\"name\":\"L&rsquo;\u00e9quipe\"}]},{\"@type\":\"WebSite\",\"@id\":\"https:\/\/cgtairbus.fr\/#website\",\"url\":\"https:\/\/cgtairbus.fr\/\",\"name\":\"CGT Airbus Helicopters Marignane\",\"description\":\"Site Web de la CGT Airbus Helicopters Marignane\",\"publisher\":{\"@id\":\"https:\/\/cgtairbus.fr\/#organization\"},\"alternateName\":\"CGT Airbus Helicopters Marignane\",\"potentialAction\":[{\"@type\":\"SearchAction\",\"target\":{\"@type\":\"EntryPoint\",\"urlTemplate\":\"https:\/\/cgtairbus.fr\/?s={search_term_string}\"},\"query-input\":{\"@type\":\"PropertyValueSpecification\",\"valueRequired\":true,\"valueName\":\"search_term_string\"}}],\"inLanguage\":\"fr-FR\"},{\"@type\":\"Organization\",\"@id\":\"https:\/\/cgtairbus.fr\/#organization\",\"name\":\"CGT Airbus Helicopters Marignane\",\"url\":\"https:\/\/cgtairbus.fr\/\",\"logo\":{\"@type\":\"ImageObject\",\"inLanguage\":\"fr-FR\",\"@id\":\"https:\/\/cgtairbus.fr\/#\/schema\/logo\/image\/\",\"url\":\"https:\/\/cgtairbus.fr\/wp-content\/uploads\/2020\/02\/Logo-CGTAHM-noir-copie.jpeg\",\"contentUrl\":\"https:\/\/cgtairbus.fr\/wp-content\/uploads\/2020\/02\/Logo-CGTAHM-noir-copie.jpeg\",\"width\":273,\"height\":472,\"caption\":\"CGT Airbus Helicopters Marignane\"},\"image\":{\"@id\":\"https:\/\/cgtairbus.fr\/#\/schema\/logo\/image\/\"}}]}<\/script>\n<!-- \/ Yoast SEO plugin. -->","yoast_head_json":{"title":"L'\u00e9quipe - CGT Airbus Helicopters Marignane","robots":{"index":"index","follow":"follow","max-snippet":"max-snippet:-1","max-image-preview":"max-image-preview:large","max-video-preview":"max-video-preview:-1"},"canonical":"https:\/\/cgtairbus.fr\/?page_id=541","og_locale":"fr_FR","og_type":"article","og_title":"L'\u00e9quipe - CGT Airbus Helicopters Marignane","og_description":"L&rsquo;\u00c9QUIPE CGT Patrick Peretti Secr\u00e9taire G\u00e9n\u00e9ral Tel : 04 42 85 75 99 Fran\u00e7ois Roche \u00c9lu CSE-CSSCT \/ M\u00e9canique Tel : 06 83 93 38 21 R\u00e9my Bazzali \u00c9lu CSE, Conseiller du salari\u00e9 \/ NH90 Tel : 07 86 99 53 24 S\u00e9bastien Baldacchino \u00c9lu CSE \/ NH 90 Cyril Metral D\u00e9l\u00e9gu\u00e9 MRO Tel : [&hellip;]","og_url":"https:\/\/cgtairbus.fr\/?page_id=541","og_site_name":"CGT Airbus Helicopters Marignane","article_modified_time":"2025-10-09T09:02:44+00:00","og_image":[{"url":"https:\/\/cgtairbus.fr\/wp-content\/uploads\/2023\/12\/Patrick-Peretti.jpg","type":"","width":"","height":""}],"twitter_card":"summary_large_image","twitter_misc":{"Dur\u00e9e de lecture estim\u00e9e":"1 minute"},"schema":{"@context":"https:\/\/schema.org","@graph":[{"@type":"WebPage","@id":"https:\/\/cgtairbus.fr\/?page_id=541","url":"https:\/\/cgtairbus.fr\/?page_id=541","name":"L'\u00e9quipe - CGT Airbus Helicopters Marignane","isPartOf":{"@id":"https:\/\/cgtairbus.fr\/#website"},"primaryImageOfPage":{"@id":"https:\/\/cgtairbus.fr\/?page_id=541#primaryimage"},"image":{"@id":"https:\/\/cgtairbus.fr\/?page_id=541#primaryimage"},"thumbnailUrl":"https:\/\/cgtairbus.fr\/wp-content\/uploads\/2023\/12\/Patrick-Peretti.jpg","datePublished":"2023-06-18T20:26:08+00:00","dateModified":"2025-10-09T09:02:44+00:00","breadcrumb":{"@id":"https:\/\/cgtairbus.fr\/?page_id=541#breadcrumb"},"inLanguage":"fr-FR","potentialAction":[{"@type":"ReadAction","target":["https:\/\/cgtairbus.fr\/?page_id=541"]}]},{"@type":"ImageObject","inLanguage":"fr-FR","@id":"https:\/\/cgtairbus.fr\/?page_id=541#primaryimage","url":"https:\/\/cgtairbus.fr\/wp-content\/uploads\/2023\/12\/Patrick-Peretti.jpg","contentUrl":"https:\/\/cgtairbus.fr\/wp-content\/uploads\/2023\/12\/Patrick-Peretti.jpg","width":482,"height":641,"caption":"Patrick Peretti SG CGT Airbus Marignane"},{"@type":"BreadcrumbList","@id":"https:\/\/cgtairbus.fr\/?page_id=541#breadcrumb","itemListElement":[{"@type":"ListItem","position":1,"name":"Accueil","item":"https:\/\/cgtairbus.fr\/"},{"@type":"ListItem","position":2,"name":"L&rsquo;\u00e9quipe"}]},{"@type":"WebSite","@id":"https:\/\/cgtairbus.fr\/#website","url":"https:\/\/cgtairbus.fr\/","name":"CGT Airbus Helicopters Marignane","description":"Site Web de la CGT Airbus Helicopters Marignane","publisher":{"@id":"https:\/\/cgtairbus.fr\/#organization"},"alternateName":"CGT Airbus Helicopters Marignane","potentialAction":[{"@type":"SearchAction","target":{"@type":"EntryPoint","urlTemplate":"https:\/\/cgtairbus.fr\/?s={search_term_string}"},"query-input":{"@type":"PropertyValueSpecification","valueRequired":true,"valueName":"search_term_string"}}],"inLanguage":"fr-FR"},{"@type":"Organization","@id":"https:\/\/cgtairbus.fr\/#organization","name":"CGT Airbus Helicopters Marignane","url":"https:\/\/cgtairbus.fr\/","logo":{"@type":"ImageObject","inLanguage":"fr-FR","@id":"https:\/\/cgtairbus.fr\/#\/schema\/logo\/image\/","url":"https:\/\/cgtairbus.fr\/wp-content\/uploads\/2020\/02\/Logo-CGTAHM-noir-copie.jpeg","contentUrl":"https:\/\/cgtairbus.fr\/wp-content\/uploads\/2020\/02\/Logo-CGTAHM-noir-copie.jpeg","width":273,"height":472,"caption":"CGT Airbus Helicopters Marignane"},"image":{"@id":"https:\/\/cgtairbus.fr\/#\/schema\/logo\/image\/"}}]}},"jetpack_sharing_enabled":true,"_links":{"self":[{"href":"https:\/\/cgtairbus.fr\/index.php?rest_route=\/wp\/v2\/pages\/541","targetHints":{"allow":["GET"]}}],"collection":[{"href":"https:\/\/cgtairbus.fr\/index.php?rest_route=\/wp\/v2\/pages"}],"about":[{"href":"https:\/\/cgtairbus.fr\/index.php?rest_route=\/wp\/v2\/types\/page"}],"author":[{"embeddable":true,"href":"https:\/\/cgtairbus.fr\/index.php?rest_route=\/wp\/v2\/users\/1"}],"replies":[{"embeddable":true,"href":"https:\/\/cgtairbus.fr\/index.php?rest_route=%2Fwp%2Fv2%2Fcomments&post=541"}],"version-history":[{"count":90,"href":"https:\/\/cgtairbus.fr\/index.php?rest_route=\/wp\/v2\/pages\/541\/revisions"}],"predecessor-version":[{"id":1958,"href":"https:\/\/cgtairbus.fr\/index.php?rest_route=\/wp\/v2\/pages\/541\/revisions\/1958"}],"wp:attachment":[{"href":"https:\/\/cgtairbus.fr\/index.php?rest_route=%2Fwp%2Fv2%2Fmedia&parent=541"}],"curies":[{"name":"wp","href":"https:\/\/api.w.org\/{rel}","templated":true}]}}